3487 a composite number?
True
Is 68046890827 a composite number?
False
Is 2881212379 a prime number?
False
Is 1073271869 a prime number?
False
Is 29738392561 prime?
False
Is 2404379539 composite?
False
Is 1262511169 a composite number?
False
Is 29389488897 composite?
True
Is 2266410385 prime?
False
Is 4431452041 a prime number?
False
Is 65863417 prime?
True
Is 1273136453 prime?
False
Is 418543889 prime?
False
Is 478725089033 prime?
True
Is 17432419987 prime?
True
Is 21163277761 prime?
True
Is 2087811541 composite?
False
Is 10887822769 a prime number?
False
Is 23833753133 prime?
True
Is 451440421 composite?
False
Is 221650243 a prime number?
True
Is 11836927163 composite?
True
Is 1490951747 composite?
True
Is 109565854577 a composite number?
False
Is 612069749 a prime number?
True
Is 38301117689 a prime number?
True
Is 36757759939 composite?
True
Is 105945634507 composite?
False
Is 189094000147 a prime number?
False
Is 212476471 prime?
True
Is 134536403 prime?
False
Is 22348644783 composite?
True
Is 604187443 composite?
False
Is 3198923873 a composite number?
False
Is 32879839 a prime number?
False
Is 240799249 a prime number?
True
Is 3874426147 prime?
True
Is 1152381799 prime?
True
Is 55583109541 composite?
True
Is 2280669301 composite?
True
Is 3801785003 a prime number?
False
Is 84658089721 a prime number?
True
Is 304767947161 prime?
True
Is 66972943291 composite?
False
Is 50308116161 composite?
True
Is 5468053099 a composite number?
True
Is 5599889 a composite number?
True
Is 29452179569 composite?
False
Is 830954809 a composite number?
False
Is 610408703 prime?
True
Is 70367596249 prime?
True
Is 84254983 prime?
False
Is 455175373 composite?
False
Is 17916670841 prime?
True
Is 44677219 a composite number?
True
Is 4688898827 prime?
True
Is 16863051353 a prime number?
False
Is 2712055457 prime?
False
Is 63831871 a composite number?
True
Is 14062159 prime?
True
Is 1252007329 a composite number?
False
Is 33376789889 a composite number?
False
Is 134862684519 a prime number?
False
Is 7435501393 prime?
True
Is 1850251513 composite?
True
Is 4461761239 prime?
False
Is 346707811 a composite number?
False
Is 1378340867 a prime number?
True
Is 6930943577 a composite number?
True
Is 17783109653 a composite number?
False
Is 31077504989 a prime number?
False
Is 29204182901 a composite number?
False
Is 130787382262 composite?
True
Is 1015181303 prime?
False
Is 1847771179 a composite number?
True
Is 4804988497 a composite number?
True
Is 15500454967 composite?
True
Is 50080471447 prime?
True
Is 9921276383 prime?
False
Is 7830077903 a prime number?
True
Is 24874574573 prime?
False
Is 264757291 a prime number?
False
Is 93607609301 a composite number?
True
Is 9909039307 a prime number?
False
Is 45165388901 prime?
True
Is 27000889555 a prime number?
False
Is 25014707 prime?
True
Is 62996803549 a prime number?
False
Is 5341918613 prime?
False
Is 8424697063 a composite number?
True
Is 272545439 a prime number?
False
Is 148012219 prime?
True
Is 3736212797 prime?
True
Is 380416277 composite?
True
Is 71422909 prime?
True
Is 20394675901 prime?
False
Is 53348341 prime?
True
Is 820874107 a composite number?
False
Is 151543121 a prime number?
False
Is 8389117 a prime number?
False
Is 761628733 prime?
True
Is 508306585 a prime number?
False
Is 10610105747 composite?
True
Is 218869405 a prime number?
False
Is 12272641759 a composite number?
True
Is 80459971 a composite number?
False
Is 3253807607 prime?
False
Is 13013423321 prime?
True
Is 15690668531 a composite number?
False
Is 71306068439 a prime number?
False
Is 252185933 prime?
False
Is 43467211 composite?
False
Is 3878083661 composite?
True
Is 1592423513 a prime number?
True
Is 23958249319 prime?
False
Is 5684754541 composite?
False
Is 11873833411 composite?
True
Is 949132583 a prime number?
False
Is 2368487057 prime?
False
Is 17232286999 a composite number?
True
Is 15277282939 a prime number?
False
Is 215703063419 prime?
True
Is 10912023961 prime?
True
Is 149476031 a prime number?
True
Is 12320340673 prime?
True
Is 3977412069 a prime number?
False
Is 2534238851 composite?
False
Is 6566051113 a prime number?
False
Is 257145323 prime?
False
Is 35772085769 a prime number?
False
Is 998127761 composite?
False
Is 7449307427 a composite number?
True
Is 18272169073 prime?
False
Is 13910449181 a prime number?
True
Is 2957321203 a prime number?
True
Is 26500685179 composite?
True
Is 2038451983 prime?
True
Is 78539185 a composite number?
True
Is 16762376863 a composite number?
True
Is 416427409 a composite number?
False
Is 3751350605 prime?
False
Is 2987019569 composite?
False
Is 25182725837 composite?
True
Is 110544651823 composite?
False
Is 20014618079 a composite number?
False
Is 4768111411 prime?
False
Is 79127003 prime?
True
Is 1443969379 a prime number?
True
Is 921160241 a prime number?
True
Is 120423133 a prime number?
True
Is 4747370759 a prime number?
False
Is 19310835023 prime?
True
Is 45849169001 a prime number?
True
Is 1720718453 composite?
True
Is 12651192377 composite?
True
Is 23992413 prime?
False
Is 2440260749 a prime number?
True
Is 106100027711 composite?
False
Is 6754250533 a prime number?
False
Is 4201416185 a composite number?
True
Is 21185533403 composite?
False
Is 472953863 a composite number?
True
Is 5853479591 composite?
False
Is 19713871 a prime number?
True
Is 43499012363 composite?
True
Is 450830209 a composite number?
True
Is 231079141 prime?
False
Is 3617675249 composite?
False
Is 637703151 a prime number?
False
Is 892177543 prime?
False
Is 3614890943 a composite number?
False
Is 54599351657 prime?
False
Is 354728393 composite?
False
Is 18071436259 a prime number?
True
Is 2325029 a composite number?
True
Is 192159270049 prime?
True
Is 18533761 prime?
True
Is 451572167 a prime number?
False
Is 9187581731 a composite number?
True
Is 1879621927 a prime number?
True
Is 129558617467 composite?
True
Is 436350547 a prime number?
False
Is 112980859535 composite?
True
Is 131003553 prime?
False
Is 42661504583 a prime number?
True
Is 64451092583 a prime number?
False
Is 71261261 prime?
True
Is 36193671533 composite?
False
Is 390616487 composite?
False
Is 10450909421 a composite number?
False
Is 1782816311 prime?
True
Is 3000260909 a composite number?
False
Is 2416191361 a prime number?
True
Is 1802388223 composite?
False
Is 626439389 prime?
True
Is 475405633 composite?
True
Is 138647759 a prime number?
True
Is 71954280107 composite?
False
Is 8941865089 prime?
False
Is 7782376873 prime?
False
Is 71492508617 a composite number?
False
Is 3253978303 a composite number?
False
Is 58101761389 composite?
True
Is 24947879053 prime?
False
Is 244998573 a composite number?
True
Is 1581399767 a prime number?
False
Is 2420163849 composite?
True
Is 254166499 a composite number?
False
Is 1326878659 a composite number?
False
Is 7477961129 composite?
False
Is 511978073 a composite number?
True
Is 1974903337 a composite number?
True
Is 12346225985 a prime number?
False
Is 6657975979 composite?
False
Is 404402437 composite?
False
Is 259003471 a prime number?
True
Is 3168566927 prime?
False
Is 10485359491 a prime number?
True
Is 19668509255 a prime number?
False
Is 601299089 a composite number?
True
Is 2783687419 prime?
False
Is 7115220445 a composite number?
True
Is 3799176149 a composite number?
True
Is 112886399387 prime?
True
Is 3711263357 a composite number?
False
Is 90868112591 a composite number?
False
Is 80813728861 composite?
True
Is 5293476719 a composite number?
False
Is 665203037 composite?
True
Is 117763661 a composite number?
False
Is 474803699 composite?
False
Is 23619006379 prime?
False
Is 62404579901 composite?
True
Is 2036826833 a composite number?
True
Is 149185373 prime?
True
Is 10902949247 prime?
True
Is 1260105803 a prime number?
False
Is 10434255131 composite?
True
Is 252305585421 a prime number?
False
Is 483111677 prime?
True
Is 9658064071 a prime number?
False
Is 9240201907 prime?
False
Is 1299930301 composite?
False
Is 707451673 composite?
True
Is 9884209303 prime?
True
Is 360022458229 composite?
True
Is 3827493751 a prime number?
True
Is 6122626639 prime?
False
Is 25841771377 composite?
True
Is 5167500271 prime?
True
Is 908081987 a prime number?
True
Is 20930050051 composite?
False
Is 7616397883 a 